{"id":392,"date":"2025-10-16T17:18:53","date_gmt":"2025-10-16T17:18:53","guid":{"rendered":"https:\/\/officemanager.se\/?post_type=product&#038;p=392"},"modified":"2025-11-06T11:19:36","modified_gmt":"2025-11-06T11:19:36","slug":"privacy-pocket","status":"publish","type":"product","link":"https:\/\/stage17dec.officemanager.se\/index.php\/produkt\/privacy-pocket\/","title":{"rendered":"Privacy Pocket"},"content":{"rendered":"<p><span data-sheets-root=\"1\">Privacy pocket med svart baksida.<br \/>\n<\/span><span data-sheets-root=\"1\">Skydda din privata information fr\u00e4n nyfikna \u00f6gon. Det speciella m\u00f6nstret som \u00e4r tryckt p\u00e5 sekretessfickan g\u00f6r handlingarna sv\u00e5ra att l\u00e4sa. <\/span><span data-sheets-root=\"1\">Med universalh\u00e5lning f\u00f6r f\u00f6rvaring i p\u00e4rm.<\/span><\/p>\n","protected":false},"excerpt":{"rendered":"<p><span data-sheets-root=\"1\">En sekretssmapp som d\u00f6ljer innh\u00e5llet<\/span><\/p>\n","protected":false},"featured_media":391,"comment_status":"open","ping_status":"closed","template":"","meta":[],"product_brand":[],"product_cat":[24],"product_tag":[25],"class_list":{"0":"post-392","1":"product","2":"type-product","3":"status-publish","4":"has-post-thumbnail","6":"product_cat-fickor","7":"product_tag-plastficka","9":"first","10":"instock","11":"taxable","12":"shipping-taxable","13":"product-type-simple"},"jetpack_sharing_enabled":true,"_links":{"self":[{"href":"https:\/\/stage17dec.officemanager.se\/index.php\/wp-json\/wp\/v2\/product\/392","targetHints":{"allow":["GET"]}}],"collection":[{"href":"https:\/\/stage17dec.officemanager.se\/index.php\/wp-json\/wp\/v2\/product"}],"about":[{"href":"https:\/\/stage17dec.officemanager.se\/index.php\/wp-json\/wp\/v2\/types\/product"}],"replies":[{"embeddable":true,"href":"https:\/\/stage17dec.officemanager.se\/index.php\/wp-json\/wp\/v2\/comments?post=392"}],"wp:featuredmedia":[{"embeddable":true,"href":"https:\/\/stage17dec.officemanager.se\/index.php\/wp-json\/wp\/v2\/media\/391"}],"wp:attachment":[{"href":"https:\/\/stage17dec.officemanager.se\/index.php\/wp-json\/wp\/v2\/media?parent=392"}],"wp:term":[{"taxonomy":"product_brand","embeddable":true,"href":"https:\/\/stage17dec.officemanager.se\/index.php\/wp-json\/wp\/v2\/product_brand?post=392"},{"taxonomy":"product_cat","embeddable":true,"href":"https:\/\/stage17dec.officemanager.se\/index.php\/wp-json\/wp\/v2\/product_cat?post=392"},{"taxonomy":"product_tag","embeddable":true,"href":"https:\/\/stage17dec.officemanager.se\/index.php\/wp-json\/wp\/v2\/product_tag?post=392"}],"curies":[{"name":"wp","href":"https:\/\/api.w.org\/{rel}","templated":true}]}}