{"id":533,"date":"2025-10-27T12:24:05","date_gmt":"2025-10-27T12:24:05","guid":{"rendered":"https:\/\/officemanager.se\/?post_type=product&#038;p=533"},"modified":"2025-12-11T12:04:46","modified_gmt":"2025-12-11T12:04:46","slug":"overstrykningspenna-pilot-spoliter","status":"publish","type":"product","link":"https:\/\/stage17dec.officemanager.se\/index.php\/produkt\/overstrykningspenna-pilot-spoliter\/","title":{"rendered":"\u00d6verstrykningspenna Pilot Spotliter"},"content":{"rendered":"<p>Pilot Spotliter \u00e4r en p\u00e5litlig och f\u00e4rgstark \u00f6verstrykningspenna som g\u00f6r markeringar klara, j\u00e4mna och l\u00e4ttl\u00e4sta. Den snedskurna spetsen ger b\u00e5de breda och smala linjer.<\/p>\n","protected":false},"excerpt":{"rendered":"<p>\u00d6verstrykningspenna, v<span data-sheets-root=\"1\">\u00e4ndbar <\/span>med tv\u00e5 olika f\u00e4rger (gul\/rosa) i samma penna.<\/p>\n","protected":false},"featured_media":542,"comment_status":"open","ping_status":"closed","template":"","meta":[],"product_brand":[28],"product_cat":[27],"product_tag":[56,30],"class_list":{"0":"post-533","1":"product","2":"type-product","3":"status-publish","4":"has-post-thumbnail","6":"product_brand-pilot","7":"product_cat-pennor","8":"product_tag-overstrykningspenna","9":"product_tag-penna","11":"first","12":"instock","13":"taxable","14":"shipping-taxable","15":"product-type-simple"},"jetpack_sharing_enabled":true,"_links":{"self":[{"href":"https:\/\/stage17dec.officemanager.se\/index.php\/wp-json\/wp\/v2\/product\/533","targetHints":{"allow":["GET"]}}],"collection":[{"href":"https:\/\/stage17dec.officemanager.se\/index.php\/wp-json\/wp\/v2\/product"}],"about":[{"href":"https:\/\/stage17dec.officemanager.se\/index.php\/wp-json\/wp\/v2\/types\/product"}],"replies":[{"embeddable":true,"href":"https:\/\/stage17dec.officemanager.se\/index.php\/wp-json\/wp\/v2\/comments?post=533"}],"wp:featuredmedia":[{"embeddable":true,"href":"https:\/\/stage17dec.officemanager.se\/index.php\/wp-json\/wp\/v2\/media\/542"}],"wp:attachment":[{"href":"https:\/\/stage17dec.officemanager.se\/index.php\/wp-json\/wp\/v2\/media?parent=533"}],"wp:term":[{"taxonomy":"product_brand","embeddable":true,"href":"https:\/\/stage17dec.officemanager.se\/index.php\/wp-json\/wp\/v2\/product_brand?post=533"},{"taxonomy":"product_cat","embeddable":true,"href":"https:\/\/stage17dec.officemanager.se\/index.php\/wp-json\/wp\/v2\/product_cat?post=533"},{"taxonomy":"product_tag","embeddable":true,"href":"https:\/\/stage17dec.officemanager.se\/index.php\/wp-json\/wp\/v2\/product_tag?post=533"}],"curies":[{"name":"wp","href":"https:\/\/api.w.org\/{rel}","templated":true}]}}